ate the greatest common divisor of 2950 and l.
118
Let g(i) = -i**3 - i**2 - 4*i + 168. Suppose 81*d - 41*d = 0. Let j be g(d). Calculate the greatest common factor of j and 462.
42
Let v(x) = -x**3 - x**2 + 4*x + 2. Let b be v(-4). Let d = -17 + b. Suppose -30*l - 94*l = -2108. What is the greatest common factor of l and d?
17
Let y = -3795 + 3924. Calculate the highest common divisor of 215 and y.
43
Let i = -5538 - -7925. Suppose -772 = -39*q + i. What is the highest common divisor of 27 and q?
27
Let d(u) = u**2 - 2*u + 75. Let o be d(0). What is the greatest common factor of o and 450?
75
Let k = 2456 + -2096. Calculate the greatest common factor of k and 1320.
120
Let a(l) = -l - 4*l + l - 3*l + 2. Let d be a(-3). Suppose -10*y = -513 + 53. What is the highest common divisor of d and y?
23
Let l = -488 - -998. Let d = l - 405. Calculate the greatest common factor of d and 75.
15
Suppose 107*a - 31*a = -318 + 2978. Suppose 5*d = -4*i + 27 + 29, 3*d = -5*i + 70. Suppose 4*j + i = 5*j. What is the highest common factor of j and a?
7
Let q be 235/9 - (-620)/(-558). Calculate the greatest common divisor of 425 and q.
25
Suppose -48*h + 47*h + 459 = 5*z, 2*z - 180 = -4*h. What is the greatest common divisor of z and 4?
4
Let m(c) = -c**3 - 17*c**2 + 3*c + 42. Let j be m(-18). What is the highest common factor of 2028 and j?
156
Let s(c) = 11*c + 941. Let r be s(-83). What is the greatest common divisor of r and 560?
28
Suppose -220*y - 171 + 1271 = 0. Calculate the highest common divisor of y and 5515.
5
Let o be 20/(-8)*-11*96/20. Suppose -13*b - 7*b + 880 = 0. What is the highest common factor of o and b?
44
Let x be -19 + 8 + 915 - 1/(5/35). What is the greatest common factor of 46 and x?
23
Let f be ((-816)/180)/((-12)/30)*3. What is the greatest common factor of 262 and f?
2
Suppose 11520 = 51*y + 21*y. Calculate the greatest common divisor of 2910 and y.
10
Let n = 5049 - 4801. What is the highest common factor of 4588 and n?
124
Suppose 52543 = -48*j + 289711. Calculate the highest common factor of 81 and j.
81
Suppose -34*g + 37*g = -90. Let o = g + 34. Let c be (-632)/(-56) + o/(-14). What is the highest common divisor of 11 and c?
11
Suppose 5*t - 948 = 52. Let n = 210 - t. What is the greatest common divisor of n and 130?
10
Suppose -1235*i = -1237*i + 42. Let u be (-7)/i + (-9)/(54/(-68)). Suppose 2*n = j + 87, -n + j + 45 = 2*j. What is the highest common factor of u and n?
11
Suppose 0 = -m, -44 = -4*q + 3*m + m. Let u be (21/(-9))/(q/(-1023)). Calculate the greatest common factor of 31 and u.
31
Let f(v) = -4*v**3 - 3*v + 9. Let u be f(-4). Let y = 484 - u. Suppose -g + 8*g = 161. Calculate the highest common factor of g and y.
23
Let m = -14940 - -15010. What is the highest common factor of 3745 and m?
35
Suppose 12572 = 4*x + 2*s, -4*s + 12584 = 75*x - 71*x. What is the highest common divisor of 100 and x?
20
Suppose q + 16*a = 3, 3*q = -8*a + 5*a + 9. Suppose c = -4*c + 420. What is the greatest common factor of q and c?
3
Suppose -68 = -6*i + 214. Suppose 213 = 3*z + 3*x, 3*z = 5*x - i + 220. Suppose 0 = -6*n + n + 220. What is the highest common factor of z and n?
22
Let z = 60 - 52. Let q(s) = s**3 - 4*s**2 - 6*s - 19. Let d be q(z). What is the greatest common divisor of 21 and d?
21
Suppose -126*p - 642 + 2307 = -3249. What is the highest common factor of 3471 and p?
39
Let h(x) = -6*x + 95. Let z be h(16). Let t(b) = -6*b**3. Let i be t(z). Calculate the greatest common divisor of 174 and i.
6
Let o be (-1)/(-2)*3 + 30/20. What is the highest common divisor of 1437 and o?
3
Let o(g) = 2*g**3 - 31*g**2 + 4*g - 83. Let j be o(19). Suppose -5*k + 4*c + j = 0, 0 = -3*k + 2*k + c + 505. What is the highest common factor of 20 and k?
20
Let m be 762 - ((-255)/30 + 5)*8/(-14). Calculate the highest common factor of 640 and m.
40
Suppose -3*v = -5*o + 159, 5*o + 8 - 175 = -v. Let w = 78 - o. Let k(c) = 8*c**3 + 2*c**2 - c. Let y be k(1). What is the highest common factor of w and y?
9
Suppose 0*b = 15*b + 8070. Let f = b - -584. Calculate the highest common divisor of 828 and f.
46
Let v = 4737 + -4613. What is the highest common divisor of 15004 and v?
124
Let l = 9333 - 9320. What is the highest common divisor of 3 and l?
1
Let b be -3*(-3 + 2) + 111. Suppose -150 = -116*i + b*i. What is the greatest common factor of i and 15?
15
Suppose 3*l + 4*l + 84 = 0. Let p = 4 - l. Let f = -4 - -36. Calculate the greatest common factor of f and p.
16
Let d be 11/((-3)/2 - -2 - (-27434)/(-55212)). Calculate the highest common divisor of d and 66.
33
Let d be -376 - (8 + -1)*12/21. Let s = -322 - d. What is the greatest common factor of 4 and s?
2
Let w = 57 + -53. Calculate the greatest common factor of 71 and w.
1
Suppose r - 367 = -0*q - q, 15 = 3*q. Let h = -177 + r. Calculate the greatest common factor of h and 74.
37
Let z = -11324 + 11504. Calculate the greatest common divisor of z and 8010.
90
Let a be (6/2 - 4) + -10 + 687. Suppose 4*f + 2*v = a, 33*v = 5*f + 35*v - 844. Calculate the highest common divisor of 126 and f.
42
Let i(k) = k**2 - 2 - 5*k**2 + 4*k**2 + 9*k + 2*k**2. Let c be i(-7). Suppose 6*v - 63 = c. Calculate the highest common divisor of v and 64.
16
Let i(o) = -375*o - 12686. Let z be i(-40). Calculate the greatest common factor of z and 130.
26
Let r = -8485 + 8706. Suppose 0 = -2*f - 3*f - 4*j, 0 = -j. Suppose f = -2*s + 8, m + 0*m = 2*s + 5. What is the greatest common divisor of r and m?
13
Let x(v) = -62*v**2 + 51 + 33*v**2 - 110*v + 32*v**2. Let q be x(39). What is the highest common factor of q and 72?
36
Suppose z = -d - 33, -27 = d + 2*z + 2*z. Let f = d + 47. What is the greatest common divisor of f and 18?
6
Let x(k) = -24*k - 3 + 3 - 65*k + 1. Let d be x(-1). Let c be ((-5)/3)/(25/(-270)). What is the greatest common divisor of c and d?
18
Let p(v) = -v**2 - 6*v + 47. Let z be p(-10). Let s be ((-22)/(-55))/(2/10) + 1. Calculate the highest common divisor of s and z.
1
Suppose 4*d = -2*m + 72 + 148, -4*m = 5*d - 278. Calculate the greatest common factor of d and 1170.
18
Let s = 21018 + -20878. Calculate the greatest common factor of 4375 and s.
35
Suppose 225 = r + r - 3*j, -455 = -4*r + 5*j. Let x(u) = -25*u + 40. Let i be x(-2). What is the greatest common factor of i and r?
30
Let o be (-4)/(-2) + 0 + (-5 - -464). Let l = o - 272. Suppose 4*d - 15 - 28 = -3*x, d = 5*x - 110. What is the highest common divisor of x and l?
21
Let w = 407 - 411. Let c be 1 + (10/(-5) - w) - -71. Calculate the greatest common divisor of 259 and c.
37
Let l = 598 + -260. Let t be (25/(-10))/((-45)/468). Calculate the greatest common divisor of l and t.
26
Suppose -7*r = -15*r + 336. Suppose 0 = 2*c - 462 + 420. Calculate the highest common divisor of c and r.
21
Suppose -128 = -5*p - 4*q - 4, -2*p = -5*q - 43. Let l = -343 + 349. Suppose l*m - 209 = 727. Calculate the highest common divisor of p and m.
12
Suppose -14*p + 61 = -11*p - 5*b, -2*p + 4*b + 40 = 0. Suppose 1195 = p*t + 139. Calculate the highest common divisor of 96 and t.
48
Suppose 7435 = -716*g + 22471. Let r = 5 + -2. What is the greatest common divisor of g and r?
3
Let g = 1814 - 1198. Suppose 37*a - 30*a = g. Let n = 22 - 11. Calculate the greatest common divisor of a and n.
11
Let r be (-3)/6*2 + 42. Let p = 57 - r. Suppose -j - 143 = 2*s - 5*s, 3*s - 148 = -4*j. Calculate the greatest common factor of p and s.
16
Suppose 0 = 2*o - 3*z - 10, -z + 3 = 2*o + 1. Suppose -o*s + 7*s = 3*x + 3, 9 = 3*s. Suppose x*t + 40 = 9*t. What is the greatest common divisor of t and 24?
8
Let w(b) = -7*b - 2. Let g be (-3)/(1 - 0) - (-5 + 2). Let h(i) = i - 3. Let p be h(g). Let z be w(p). What is the greatest common factor of 19 and z?
19
Let k be (-35856)/(-42) - 52/(-182). What is the greatest common divisor of 21 and k?
7
Suppose 2*z = -z - 9. Let f = 340 - 345. Let h be (-16)/(-12) + f/z. Calculate the highest common factor of h and 2.
1
Let w = -724 + 861. Suppose -107*c + w*c - 12240 = 0. Calculate the greatest common divisor of c and 51.
51
Suppose 454 - 349 = 21*b. Suppose -4*z + 5*z = -3. Let x be z*1 - (0 + -4). What is the highest common divisor of b and x?
1
Let c(q) = 73*q + 2317. Let m be c(77). What is the highest common divisor of 162 and m?
162